(p) = -p**3 - p**2 + 25*p - 7. Let a be i(-6). Let k be ((1*2)/(-2))/(-1). What is the highest common divisor of a and k?
1
Suppose 3*f = 26 + 4. Suppose d = 4*r + 11, 0 = 5*d - 9*r + 7*r - 73. Calculate the highest common divisor of d and f.
5
Let o = -7 + 7. Let t = o - 2. Let z be t/(-6) - (-476)/12. Calculate the greatest common factor of z and 16.
8
Let l = 36 + -30. Let q(c) = 2*c + 23. Let p be q(l). What is the highest common factor of 14 and p?
7
Suppose j - 80 = -j. Suppose -100 = -7*l + 6*l. What is the greatest common divisor of j and l?
20
Suppose 0 = 8*x + 35 - 43. Let c = 6 + -4. Calculate the greatest common factor of c and x.
1
Let z = -46 + 126. Suppose 0 = 5*j - 75 + 25. What is the greatest common divisor of j and z?
10
Let g(p) = -p**3 + 4*p**2 + p - 2. Let o be g(3). Let j(v) = 17*v + 234. Let q be j(-12). Calculate the highest common factor of q and o.
10
Let z(k) = -k - 6. Let s be z(8). Let g = 6 - s. Calculate the greatest common divisor of 8 and g.
4
Suppose 16 = t - k, 13*t - 22 = 11*t - 3*k. Let m = 1 + 41. What is the greatest common factor of m and t?
14
Suppose 0 = -7*f + 675 - 640. Calculate the greatest common factor of 40 and f.
5
Let p(z) = -2*z - 3 - 1 + 4*z + 6*z. Suppose -3*y + 28 = -5*n, -y - 3*n = -3*y + 18. Let q be p(y). What is the highest common factor of 4 and q?
4
Suppose 2*u - 73 = -3*c + 3*u, 0 = -2*c + 2*u + 42. What is the highest common divisor of c and 182?
26
Let w be 8*(-2 - (-303)/6). Let p = 37 - 32. Suppose -f - w = -6*f - d, 0 = -3*f + p*d + 216. What is the highest common factor of f and 11?
11
Suppose -4*m - m - 35 = 3*w, 0 = 4*m - 8. Let r be ((-8)/(-10))/(w/(-150)). Calculate the greatest common divisor of 8 and r.
8
Let v be (-21)/(-1)*(4 + -7 - -6). Calculate the greatest common divisor of 9 and v.
9
Let i(p) = 3*p + 16. Let h be i(10). What is the highest common divisor of h and 161?
23
Let h be (35/10*-6)/(0 - 3). Calculate the greatest common divisor of h and 623.
7
Let n be (15/21)/((-2)/(-14)). Suppose n*a + 312 = 8*a. What is the greatest common factor of 13 and a?
13
Let q(t) = -11*t - 9. Let m(p) = p + 3. Let j be m(-6). Let g be q(j). What is the greatest common divisor of g and 3?
3
Let d be 94 + -97 + (0 - -35). Calculate the greatest common divisor of d and 6.
2
Suppose 18*o = 23*o - 960. What is the highest common factor of o and 64?
64
Suppose 3*j + 4*l - 81 = 5*l, -l = 0. Calculate the highest common factor of 54 and j.
27
Let h = 1291 - 1116. What is the highest common divisor of 63 and h?
7
Let y(q) = -q + 3. Let c be y(13). Let p = 0 + c. Let h = 2 - p. What is the greatest common divisor of 36 and h?
12
Let n(m) = m**3 - m + 23. Let r(b) = b**3 - 3*b**2 - 11*b + 5. Let u be r(5). Let x be n(u). What is the highest common divisor of 115 and x?
23
Let k = 138 - 103. What is the greatest common factor of 56 and k?
7
Let l = -324 + 460. What is the highest common divisor of l and 476?
68
Suppose -2*q = -g - 6*q + 42, 210 = 5*g - q. What is the highest common divisor of 182 and g?
14
Let i(v) = -v**2 + 5*v - 2. Let c = -13 - -16. Let z be i(c). Let u = 2 + z. What is the greatest common divisor of 4 and u?
2
Let k be (-453 - 11)*1*-1. Let s be k/24 + 3/(-9). Calculate the highest common factor of 228 and s.
19
Suppose -2 = 3*b + 5*o, 8 = 4*b - 5*o - 36. Let n be ((-3)/(-9))/((-1)/(-6)). Calculate the greatest common divisor of n and b.
2
Let s be 24/(-2)*(9 + 228/(-18)). Calculate the highest common factor of 110 and s.
22
Suppose -59*f + 8225 = -12*f. Calculate the highest common divisor of 50 and f.
25
Let l be (-3325)/(-14)*(-4)/(-5). Let w = l - 106. Suppose -19 = -2*z + 5. Calculate the highest common divisor of z and w.
12
Suppose 28 - 16 = 6*i. Suppose r = -4*r + 5. Calculate the highest common divisor of r and i.
1
Suppose 0 = -5*i - 4*q + 21, i - 14 = -2*q - 5. Calculate the greatest common factor of i and 20.
1
Let r(z) = z**3 + 5*z**2 + 6*z + 3. Let c be r(-3). Let x be (8/c)/((-6)/(-315)). What is the greatest common divisor of x and 20?
20
Let r be (22/4)/((-7)/14). Let l = r + 14. Suppose -4*s - 8 = 0, -31 = -l*i + 2*s - 12. What is the highest common divisor of 5 and i?
5
Suppose 1954 = 16*a - 4926. What is the greatest common divisor of a and 10?
10
Suppose -j + 4*l + 88 = 0, 7*l = 3*l - 16. Let x(h) = h**2 - 2*h + 1. Let r be x(-2). What is the greatest common factor of j and r?
9
Suppose 0 = 5*p - 9*p + 4. Let x be (-2 + p)*32/4. Let y be (16/(-6))/(x/36). What is the highest common factor of y and 6?
6
Suppose 31 = -4*w - 5*y, -w + 2*y + 3*y + 11 = 0. Let a be 0 - (-12)/(8/w + 3). What is the highest common divisor of a and 60?
12
Let n(o) = 13*o + 16. Let d(y) = 6*y + 8. Let j(v) = -7*d(v) + 3*n(v). Let c be j(-7). Calculate the greatest common factor of c and 65.
13
Let z be (-7330)/(-18) + 4/54*(7 - 10). Let q be 2/((-2)/(-1)) - -36. Calculate the highest common divisor of q and z.
37
Let t = -60 + 105. Let f = t - -31. Let k(x) = 3*x - 8. Let o be k(9). What is the highest common factor of f and o?
19
Let q = 115 - 111. Suppose 3*d - 2*o = 163, 3*d - q*o - 37 = 124. What is the greatest common divisor of d and 11?
11
Let k(p) = -3*p + 18. Let j be k(-9). Suppose j = q + 2*q. Let s = 9 + q. What is the greatest common divisor of s and 168?
24
Suppose 24*s = -4*z + 23*s + 805, 0 = -5*z - s + 1005. Calculate the greatest common factor of z and 80.
40
Suppose 25 = -7*y + 46. Let z(l) = -l. Let t be z(-2). Calculate the highest common factor of t and y.
1
Let u be 34/2 + 1 + (6 - 8). Suppose 3*f + f = u. What is the highest common divisor of f and 12?
4
Let i(l) = l**2 + 3*l. Let j be i(-5). Suppose -5*r - j + 75 = 0. What is the highest common divisor of r and 52?
13
Let j(x) = -x + 4. Let k be j(9). Let u(s) = -5*s - 5. Let h be u(k). What is the greatest common factor of h and 50?
10
Suppose 10*z - 124 = -4*x + 5*z, 0 = -2*x + 3*z + 84. Let a = 16 - -8. What is the greatest common divisor of a and x?
12
Let t be 6/8 + 2/8. Suppose -11*u = -7*u - 12. Suppose 3*n + 2*j - 24 = 5*j, n = -u*j. What is the greatest common divisor of t and n?
1
Let x be -24 + 31 - (6 + -1). Suppose 5*k - 2*c + 0 = -1, -5*k - c = -8. Let d = k - -1. Calculate the highest common factor of d and x.
2
Let n = 1252 + -105. Calculate the greatest common factor of 37 and n.
37
Let w(i) be the third derivative of 17*i**4/24 - 35*i**3/6 + 21*i**2. Let h be w(10). What is the greatest common factor of 90 and h?
45
Let l be -1 - (-1 - (4 + 102)). Suppose -56 = -4*h + 3*r + 49, 4*h = 2*r + l. What is the greatest common factor of h and 9?
9
Let m(x) = 3*x**2 - 4*x - 29. Let f be m(6). Let c = 13 + -8. Calculate the greatest common divisor of c and f.
5
Let w = -1 + 6. Let p = -6 + 7. Suppose 1 + p = j. Calculate the greatest common divisor of j and w.
1
Let c(g) = g**3 + 15*g**2 - 10*g - 10. Let i be c(-15). Calculate the greatest common factor of 20 and i.
20
Suppose 4*x - 222 = -5*n, -4*x + 8*x + 114 = 3*n. Suppose 0 = 6*g - 5*u - 72, 2*g - 22*u = -18*u + 38. What is the greatest common divisor of n and g?
7
Let g be 4 - (9 + 0 + -13). Calculate the greatest common divisor of g and 16.
8
Let f(u) = -u**2 - 12*u - 8. Let w be f(-7). What is the greatest common divisor of w and 9?
9
Let c = -656 + 680. Calculate the highest common divisor of 888 and c.
24
Let v be (284/18)/((-2)/(-9)). Calculate the greatest common divisor of 2059 and v.
71
Let o be -1*(5 - 213)/4. What is the greatest common factor of o and 13?
13
Let n = 57 - -73. Let x(q) = q**2 + 24*q - 60. Let p be x(-28). What is the highest common divisor of n and p?
26
Let k(t) = 4*t**2 + 7*t - 50. Let m be k(4). Calculate the highest common factor of m and 266.
14
Let g = 13 + 20. Suppose 3 + g = 3*v. Suppose 2*t + f - 11 - 23 = 0, -t + 16 = f. Calculate the greatest common factor of v and t.
6
Suppose 0 = 5*z - j - 14144, 93*j + 2 = 95*j. What is the highest common divisor of 69 and z?
69
Let c be (-91833)/(-69) - 3/69*-2. What is the highest common factor of c and 121?
121
Let u(m) = -m**3 - 11*m**2 + 9*m + 6. Let v be u(-12). Let k = 70 - 49. Calculate the greatest common divisor of v and k.
21
Suppose 50 - 14 = 3*g. Calculate the highest common factor of g and 108.
12
Let j be (-12)/30*(-10)/(-12)*-48. Calculate 